
13, 163, 289771
What are the prime factors of 26836835?
5, 19, 282493
List the prime factors of 374852343.
3, 311, 401771
List the prime factors of 2453570269.
331, 683, 10853
What are the prime factors of 34532046?
2, 3, 383, 5009
What are the prime factors of 54527195?
5, 53, 205763
List the prime factors of 15203844.
2, 3, 107, 3947
List the prime factors of 132345875.
5, 1058767
What are the prime factors of 365477734?
2, 47, 181, 21481
What are the prime factors of 67743099?
3, 7527011
What are the prime factors of 421820389?
421820389
What are the prime factors of 2125357839?
3, 11, 929, 7703
What are the prime factors of 212801051?
547, 563, 691
List the prime factors of 903002051.
7, 3121, 41333
What are the prime factors of 5439562?
2, 2719781
List the prime factors of 426352393.
31, 13753303
List the prime factors of 1047108751.
13, 80546827
What are the prime factors of 82412422?
2, 619, 66569
List the prime factors of 126536872.
2, 7, 11, 205417
List the prime factors of 685776800.
2, 5, 857221
List the prime factors of 413220607.
19, 31, 233, 3011
List the prime factors of 4758065784.
2, 3, 66084247
List the prime factors of 165267965.
5, 17, 1944329
List the prime factors of 241603186.
2, 11, 103, 106621
List the prime factors of 10341727.
11, 940157
List the prime factors of 370076740.
2, 5, 11, 17, 53, 1867
What are the prime factors of 129724201?
129724201
List the prime factors of 94579041.
3, 17, 1854491
List the prime factors of 154337272.
2, 53, 347, 1049
List the prime factors of 961656519.
3, 19, 23, 47, 15607
What are the prime factors of 37545753?
3, 7, 1787893
List the prime factors of 59793323.
19, 3147017
What are the prime factors of 71030428?
2, 7, 2536801
What are the prime factors of 216699742?
2, 7, 101, 331, 463
List the prime factors of 1324706603.
11, 197, 509, 1201
What are the prime factors of 1665499028?
2, 2819, 147703
What are the prime factors of 143531392?
2, 479, 2341
What are the prime factors of 58060379?
13, 103, 131, 331
What are the prime factors of 162739587?
3, 1291, 42019
List the prime factors of 2201526110.
2, 5, 7, 71, 442963
List the prime factors of 4749922077.
3, 17, 223, 417649
What are the prime factors of 19213086?
2, 3, 3202181
List the prime factors of 282210508.
2, 70552627
What are the prime factors of 70205183?
70205183
What are the prime factors of 61302203?
61302203
List the prime factors of 901013285.
5, 1801, 100057
List the prime factors of 132940440.
2, 3, 5, 47, 97
What are the prime factors of 149769170?
2, 5, 14976917
What are the prime factors of 62695627?
71, 83, 10639
List the prime factors of 166901968.
2, 37, 257, 1097
List the prime factors of 1535044005.
3, 5, 11, 59, 52561
List the prime factors of 3651682354.
2, 23, 79384399
List the prime factors of 4824467979.
3, 61, 26363213
What are the prime factors of 113786174?
2, 19, 37, 80929
What are the prime factors of 240695379?
3, 41, 652291
What are the prime factors of 365798384?
2, 7, 17, 192121
What are the prime factors of 93474937?
93474937
What are the prime factors of 331729275?
3, 5, 4423057
List the prime factors of 6625882.
2, 3312941
List the prime factors of 167781669.
3, 11, 233, 21821
List the prime factors of 723630761.
7, 23, 101, 44501
What are the prime factors of 463393134?
2, 3, 1867, 13789
What are the prime factors of 1498888935?
3, 5, 2689, 4129
List the prime factors of 791784539.
7, 13, 1997, 4357
List the prime factors of 227109613.
17, 23, 580843
List the prime factors of 1461910658.
2, 13, 56227333
List the prime factors of 591362363.
591362363
List the prime factors of 545529155.
5, 109105831
List the prime factors of 229553737.
7, 17, 43, 113, 397
List the prime factors of 120002830.
2, 5, 17, 705899
What are the prime factors of 146384792?
2, 139, 131641
What are the prime factors of 5410547?
37, 349, 419
What are the prime factors of 4008212803?
7, 6599, 86771
What are the prime factors of 2456945912?
2, 71, 709, 6101
List the prime factors of 81735131.
19, 43, 100043
List the prime factors of 11598784.
2, 61, 2971
List the prime factors of 521346332.
2, 13, 10025891
What are the prime factors of 125641984?
2, 13, 19, 1987
What are the prime factors of 7293971?
7293971
What are the prime factors of 311305388?
2, 1153, 67499
List the prime factors of 60827024.
2, 47, 1721
List the prime factors of 169513511.
17, 761, 13103
List the prime factors of 1902982857.
3, 1723, 368153
List the prime factors of 141485453.
1997, 70849
List the prime factors of 665159325.
3, 5, 127, 69833
List the prime factors of 472895942.
2, 236447971
What are the prime factors of 133327082?
2, 7, 97, 98179
List the prime factors of 562517159.
562517159
What are the prime factors of 4606157335?
5, 13, 70863959
What are the prime factors of 3212985014?
2, 36947, 43481
What are the prime factors of 32348290?
2, 5, 13, 19141
What are the prime factors of 329864967?
3, 41, 113, 293
What are the prime factors of 29817150?
2, 3, 5, 11, 17, 1063
What are the prime factors of 58559442?
2, 3, 9759907
What are the prime factors of 338130916?
2, 19, 1087, 4093
What are the prime factors of 238484338?
2, 119242169
List the prime factors of 313338660.
2, 3, 5, 23, 47, 4831
List the prime factors of 820534337.
7, 4937, 23743
What are the prime factors of 1085220271?
47, 787, 29339
What are the prime factors of 166552096?
2, 37, 163, 863
List the prime factors of 285800876.
2, 37, 43, 44909
List the prime factors of 948572222.
2, 13, 17, 2146091
What are the prime factors of 25399655?
5, 613, 8287
What are the prime factors of 299459624?
2, 17, 109, 20201
What are the prime factors of 347303802?
2, 3, 149, 388483
What are the prime factors of 817734876?
2, 3, 7, 9734939
List the prime factors of 625582851.
3, 208527617
What are the prime factors of 91166161?
19, 4798219
What are the prime factors of 430338485?
5, 107, 804371
List the prime factors of 1755550290.
2, 3, 5, 13, 4501411
List the prime factors of 589165655.
5, 13, 9064087
List the prime factors of 60149197.
1163, 51719
List the prime factors of 240918745.
5, 211, 228359
What are the prime factors of 26368277?
13, 2028329
List the prime factors of 186958481.
186958481
What are the prime factors of 115212943?
1237, 93139
What are the prime factors of 221800915?
5, 7, 6337169
What are the prime factors of 24429520?
2, 5, 305369
List the prime factors of 177585212.
2, 7, 29, 157, 199
What are the prime factors of 145376473?
11, 307, 43049
List the prime factors of 242026171.
23, 47, 73, 3067
List the prime factors of 3689869303.
127, 373, 77893
List the prime factors of 9121226.
2, 1571, 2903
What are the prime factors of 329197767?
3, 109, 1006721
What are the prime factors of 524927611?
13, 19, 131, 16223
List the prime factors of 1744675.
5, 19, 3673
What are the prime factors of 4546425777?
3, 1515475259
List the prime factors of 150563903.
7, 211, 101939
List the prime factors of 21402748.
2, 67, 79861
What are the prime factors of 137441667?
3, 11, 53, 78583
List the prime factors of 3167031970.
2, 5, 7549, 41953
List the prime factors of 133663883.
133663883
What are the prime factors of 69063667?
67, 1030801
What are the prime factors of 319610880?
2, 3, 5, 17
List the prime factors of 2357275455.
3, 5, 52383899
List the prime factors of 82209512.
2, 7, 11, 317, 421
What are the prime factors of 1290800015?
5, 43, 463, 12967
What are the prime factors of 1080086479?
193, 307, 18229
List the prime factors of 224265734.
2, 7, 11, 17, 5039
List the prime factors of 86878985.
5, 2803, 6199
List the prime factors of 2342774764.
2, 11, 251, 212131
What are the prime factors of 1371609545?
5, 197, 1392497
List the prime factors of 2583209287.
23537, 109751
What are the prime factors of 182184934?
2, 1117, 81551
What are the prime factors of 10114335?
3, 5, 7, 11, 139
What are the prime factors of 47027383?
13, 3617491
List the prime factors of 682070129.
13, 23, 1409, 1619
List the prime factors of 36016472.
2, 17, 264827
What are the prime factors of 121780097?
10501, 11597
List the prime factors of 260574972.
2, 3, 7, 1511, 2053
List the prime factors of 24218600.
2, 5, 7, 17299
List the prime factors of 129962521.
13, 107, 7187
List the prime factors of 4